git of 3153453129?
5
What is the ten millions digit of 1206307639?
0
What is the units digit of 7373883618?
8
What is the thousands digit of 31678723?
8
What is the units digit of 796833568?
8
What is the ten millions digit of 116693718?
1
What is the thousands digit of 82014798?
4
What is the ten thousands digit of 7637666?
3
What is the tens digit of 882582159?
5
What is the hundreds digit of 88339918?
9
What is the ten millions digit of 1360313814?
6
What is the ten thousands digit of 293179954?
7
What is the hundred thousands digit of 385071925?
0
What is the ten thousands digit of 234765468?
6
What is the tens digit of 1260870834?
3
What is the hundreds digit of 1264399019?
0
What is the hundreds digit of 686575?
5
What is the millions digit of 42280212?
2
What is the units digit of 3219366958?
8
What is the hundreds digit of 334393?
3
What is the millions digit of 705041839?
5
What is the units digit of 151543113?
3
What is the ten thousands digit of 5795727?
9
What is the ten thousands digit of 285386389?
8
What is the ten thousands digit of 176752595?
5
What is the ten millions digit of 305409352?
0
What is the hundred thousands digit of 3027282?
0
What is the millions digit of 11671777?
1
What is the hundred thousands digit of 1362410478?
4
What is the hundreds digit of 163820211?
2
What is the hundreds digit of 99274192?
1
What is the billions digit of 3556849139?
3
What is the millions digit of 190964629?
0
What is the ten millions digit of 900093789?
0
What is the hundred thousands digit of 1339831970?
8
What is the hundred millions digit of 2641599091?
6
What is the millions digit of 25589676?
5
What is the units digit of 690754763?
3
What is the hundreds digit of 19577120?
1
What is the units digit of 58292218?
8
What is the hundreds digit of 948652098?
0
What is the hundred thousands digit of 338995796?
9
What is the hundred thousands digit of 71212594?
2
What is the hundreds digit of 2008383214?
2
What is the tens digit of 40994631?
3
What is the tens digit of 25802234?
3
What is the ten millions digit of 54425844?
5
What is the tens digit of 954249462?
6
What is the tens digit of 1526339667?
6
What is the ten millions digit of 1535496224?
3
What is the hundred thousands digit of 22416724?
4
What is the hundred millions digit of 107784359?
1
What is the ten thousands digit of 560159733?
5
What is the units digit of 1237206396?
6
What is the hundred thousands digit of 318062729?
0
What is the thousands digit of 399207467?
7
What is the ten thousands digit of 251531913?
3
What is the hundred millions digit of 2247477439?
2
What is the units digit of 340710704?
4
What is the ten thousands digit of 42378755?
7
What is the billions digit of 1368485099?
1
What is the hundred millions digit of 544010743?
5
What is the millions digit of 945509363?
5
What is the ten millions digit of 13542117?
1
What is the ten thousands digit of 31816184?
1
What is the ten millions digit of 112725897?
1
What is the tens digit of 160327286?
8
What is the hundred thousands digit of 25550823?
5
What is the ten thousands digit of 237184624?
8
What is the ten thousands digit of 207029001?
2
What is the hundreds digit of 48960439?
4
What is the ten thousands digit of 90075522?
7
What is the tens digit of 144154713?
1
What is the ten millions digit of 198802427?
9
What is the ten thousands digit of 4892483150?
8
What is the tens digit of 72599610?
1
What is the hundreds digit of 1203487335?
3
What is the hundreds digit of 1492580213?
2
What is the millions digit of 3284565067?
4
What is the ten thousands digit of 79197854?
9
What is the units digit of 836258878?
8
What is the hundred millions digit of 5788445769?
7
What is the hundred millions digit of 1332311551?
3
What is the hundred millions digit of 100210903?
1
What is the millions digit of 373979828?
3
What is the thousands digit of 92707374?
7
What is the billions digit of 1506583309?
1
What is the hundred thousands digit of 91467928?
4
What is the tens digit of 1947508221?
2
What is the ten thousands digit of 736704428?
0
What is the thousands digit of 387848686?
8
What is the tens digit of 4664132999?
9
What is the millions digit of 4386431?
4
What is the tens digit of 37618188?
8
What is the hundred thousands digit of 485108028?
1
What is the thousands digit of 221839714?
9
What is the thousands digit of 9453461?
3
What is the ten thousands digit of 335889443?
8
What is the units digit of 783915597?
7
What is the tens digit of 202176418?
1
What is the units digit of 457148115?
5
What is the millions digit of 114631354?
4
What is the millions digit of 841383652?
1
What is the hundred thousands digit of 150829328?
8
What is the hundred thousands digit of 1025867235?
8
What is the thousands digit of 87017643?
7
What is the millions digit of 6420819393?
0
What is the billions digit of 3178742286?
3
What is the ten millions digit of 540072351?
4
What is the ten thousands digit of 177654558?
5
What is the hundreds digit of 62786845?
8
What is the hundred millions digit of 862030049?
8
What is the millions digit of 758915823?
8
What is the units digit of 218456609?
9
What is the thousands digit of 3203889?
3
What is the ten thousands digit of 134790743?
9
What is the tens digit of 33624127?
2
What is the millions digit of 510477412?
0
What is the ten millions digit of 636743890?
3
What is the units digit of 185755839?
9
What is the ten thousands digit of 350253966?
5
What is the hundred thousands digit of 94205427?
2
What is the tens digit of 476126959?
5
What is the hundreds digit of 959715616?
6
What is the hundred thousands digit of 86652334?
6
What is the hundred millions digit of 2792689707?
7
What is the ten thousands digit of 29142116?
4
What is the millions digit of 532864061?
2
What is the tens digit of 150261253?
5
What is the tens digit of 53782731?
3
What is the thousands digit of 55439978?
9
What is the hundreds digit of 5350165011?
0
What is the ten thousands digit of 1593150744?
5
What is the millions digit of 298170507?
8
What is the hundred thousands digit of 239477855?
4
What is the ten thousands digit of 561861086?
6
What is the millions digit of 1839322142?
9
What is the units digit of 128038355?
5
What is the thousands digit of 64937658?
7
What is the hundred millions digit of 226454490?
2
What is the hundred thousands digit of 2097808525?
8
What is the hundred millions digit of 107274391?
1
What is the tens digit of 234984879?
7
What is the thousands digit of 192141395?
1
What is the tens digit of 2341348502?
0
What is the thousands digit of 2472262756?
2
What is the hundreds digit of 108813162?
1
What is the hundreds digit of 187940607?
6
What is the ten thousands digit of 221379305?
7
What is the millions digit of 1664085066?
4
What is the millions digit of 301890268?
1
What is the hundreds digit of 4877453534?
5
What is the hundred millions digit of 1188495053?
1
What is the hundreds digit of 470515?
5
What is the units digit of 24193072?
2
What is the ten thousands digit of 67501898?
0
What is the ten thousands digit of 4698815436?
1
What is the ten thousands digit of 1196531167?
3
What is the hundreds digit of 478818335?
3
What is the units digit of 41805444?
4
What is the hundreds digit of 41505407?
4
What is the thousands digit of 91399247?
9
What is the tens digit of 934367016?
1
What is the millions digit of 1295955388?
5
What is the thousands digit of 258473207?
3
What is the tens digit of 29628370?
7
What is the millions digit of 128438513?
8
What is the hundreds digit of 2351153836?
8
What is the hundred millions digit of 243810190?
2
What is the hundreds digit of 3328781951?
9
What is the thousands digit of 72848151?
8
What is the thousands digit of 1541221282?
1
What is the units digit of 67751189?
9
What is the millions digit of 65635335?
5
What is the ten millions digit of 95189174?
9
What is the ten millions digit of 35395306?
3
What is the ten thousands digit of 177631382?
3
What is the ten millions digit of 1393898539?
9
What is the hundred thousands digit of 18823876?
8
What is the thousands digit of 23621056?
1
What is the ten millions digit of 759601041?
5
What is the tens digit of 61587317?
1
What is the hundred millions digit of 105310246?
1
What is the th